Nov 30 22:26:52.471 INFO testing twilco/cratify against master#8940af3cea4a9a9deabcaf843b2f8cad9a83fc61 for beta-1.31-5
Nov 30 22:26:52.472 INFO running `"docker" "create" "-v" "/mnt/big/crater/work/local/target-dirs/beta-1.31-5/worker-3/master#8940af3cea4a9a9deabcaf843b2f8cad9a83fc61:/target:rw,Z" "-v" "/mnt/big/crater/work/local/test-source/worker-3/beta-1.31-5/master#8940af3cea4a9a9deabcaf843b2f8cad9a83fc61:/source:ro,Z" "-v" "/mnt/big/crater/work/local/cargo-home:/cargo-home:ro,Z" "-v" "/mnt/big/crater/work/local/rustup-home:/rustup-home:ro,Z" "-e" "USER_ID=1000" "-e" "SOURCE_DIR=/source" "-e" "USER_ID=1000" "-e" "CMD=cargo +8940af3cea4a9a9deabcaf843b2f8cad9a83fc61-alt build --frozen" "-e" "CARGO_TARGET_DIR=/target" "-e" "CARGO_INCREMENTAL=0" "-e" "RUST_BACKTRACE=full" "-e" "RUSTFLAGS=--cap-lints=warn" "-e" "CARGO_HOME=/cargo-home" "-e" "RUSTUP_HOME=/rustup-home" "-m" "1536M" "--network" "none" "crater"`
Nov 30 22:26:53.120 INFO [stdout] e4016237c23cbd2f1179c5b5f373b93dfb7f4573049ffbc65d24c1a00eaef0d7
Nov 30 22:26:53.122 INFO running `"docker" "start" "-a" "e4016237c23cbd2f1179c5b5f373b93dfb7f4573049ffbc65d24c1a00eaef0d7"`
Nov 30 22:26:55.079 INFO [stderr] usermod: no changes
Nov 30 22:26:55.659 INFO [stderr]    Compiling slog v2.4.1
Nov 30 22:26:55.679 INFO [stderr]    Compiling nom v2.1.0
Nov 30 22:26:55.696 INFO [stderr]    Compiling uuid v0.6.5
Nov 30 22:26:55.697 INFO [stderr]    Compiling isatty v0.1.9
Nov 30 22:26:55.697 INFO [stderr]    Compiling term v0.5.1
Nov 30 22:26:55.698 INFO [stderr]    Compiling signal-hook v0.1.6
Nov 30 22:26:55.698 INFO [stderr]    Compiling regex-syntax v0.5.6
Nov 30 22:26:55.749 INFO [stderr]    Compiling crossbeam-epoch v0.6.1
Nov 30 22:26:57.213 INFO [stderr]    Compiling log v0.3.9
Nov 30 22:27:05.599 INFO [stderr]    Compiling bytes v0.4.11
Nov 30 22:27:05.624 INFO [stderr]    Compiling syn v0.11.11
Nov 30 22:27:05.677 INFO [stderr]    Compiling ring v0.13.5
Nov 30 22:27:05.808 INFO [stderr]    Compiling crossbeam-deque v0.6.2
Nov 30 22:27:05.931 INFO [stderr]    Compiling syn v0.15.21
Nov 30 22:27:05.983 INFO [stderr]    Compiling flate2 v1.0.5
Nov 30 22:27:15.391 INFO [stderr]    Compiling parking_lot_core v0.3.1
Nov 30 22:27:15.444 INFO [stderr]    Compiling error-chain v0.10.0
Nov 30 22:27:16.415 INFO [stderr]    Compiling error-chain v0.11.0
Nov 30 22:27:17.447 INFO [stderr]    Compiling tokio-threadpool v0.1.8
Nov 30 22:27:20.679 INFO [stderr]    Compiling diesel v1.3.3
Nov 30 22:27:25.931 INFO [stderr]    Compiling slog-scope v4.0.1
Nov 30 22:27:26.111 INFO [stderr]    Compiling slog-term v2.4.0
Nov 30 22:27:26.503 INFO [stderr]    Compiling slog-async v2.3.0
Nov 30 22:27:48.728 INFO [stderr]    Compiling tokio-io v0.1.10
Nov 30 22:27:49.235 INFO [stderr]    Compiling http v0.1.13
Nov 30 22:27:49.684 INFO [stderr]    Compiling cron v0.6.0
Nov 30 22:27:49.727 INFO [stderr]    Compiling git2 v0.7.5
Nov 30 22:27:49.807 INFO [stderr]    Compiling parking_lot v0.6.4
Nov 30 22:27:51.695 INFO [stderr]    Compiling cookie v0.11.0
Nov 30 22:27:57.623 INFO [stderr]    Compiling slog-stdlog v3.0.2
Nov 30 22:27:57.704 INFO [stderr]    Compiling regex v0.2.11
Nov 30 22:27:57.879 INFO [stderr]    Compiling derive-error-chain v0.10.1
Nov 30 22:28:03.276 INFO [stderr]    Compiling diesel-derive-enum v0.4.4
Nov 30 22:28:03.485 INFO [stderr]    Compiling tokio-codec v0.1.1
Nov 30 22:28:47.515 INFO [stderr]    Compiling tokio-fs v0.1.4
Nov 30 22:28:47.729 INFO [stderr]    Compiling tokio-reactor v0.1.6
Nov 30 22:28:48.363 INFO [stderr]    Compiling crossbeam-channel v0.2.6
Nov 30 22:28:49.435 INFO [stderr]    Compiling job_scheduler v1.0.6
Nov 30 22:28:49.845 INFO [stderr]    Compiling slog-envlogger v2.1.0
Nov 30 22:28:49.873 INFO [stderr]    Compiling h2 v0.1.13
Nov 30 22:28:53.201 INFO [stderr]    Compiling dotenv v0.10.1
Nov 30 22:28:53.231 INFO [stderr]    Compiling synstructure v0.10.1
Nov 30 22:28:53.352 INFO [stderr]    Compiling actix_derive v0.3.2
Nov 30 22:28:56.201 INFO [stderr]    Compiling serde_derive v1.0.80
Nov 30 22:28:57.567 INFO [stderr]    Compiling tokio-udp v0.1.2
Nov 30 22:28:57.567 INFO [stderr]    Compiling tokio-uds v0.2.3
Nov 30 22:28:57.567 INFO [stderr]    Compiling tokio-tcp v0.1.2
Nov 30 22:29:07.776 INFO [stderr]    Compiling tokio-signal v0.2.6
Nov 30 22:29:07.901 INFO [stderr]    Compiling tokio v0.1.11
Nov 30 22:29:07.907 INFO [stderr]    Compiling failure_derive v0.1.3
Nov 30 22:29:18.055 INFO [stderr]    Compiling failure v0.1.3
Nov 30 22:29:19.051 INFO [stderr]    Compiling trust-dns-proto v0.5.0
Nov 30 22:29:39.211 INFO [stderr]    Compiling trust-dns-resolver v0.10.0
Nov 30 22:29:40.952 INFO [stderr]    Compiling crates-index v0.12.0
Nov 30 22:29:48.791 INFO [stderr]    Compiling actix v0.7.6
Nov 30 22:29:56.871 INFO [stderr]    Compiling actix-net v0.2.3
Nov 30 22:30:06.219 INFO [stderr]    Compiling actix-web v0.7.14
Nov 30 22:30:09.559 INFO [stderr]    Compiling migrations_internals v1.3.0
Nov 30 22:30:11.308 INFO [stderr]    Compiling migrations_macros v1.3.0
Nov 30 22:30:16.309 INFO [stderr]    Compiling diesel_migrations v1.3.0
Nov 30 22:30:36.239 INFO [stderr]    Compiling cratify v0.1.0 (/source)
Nov 30 22:30:38.503 INFO [stderr] error[E0554]: #![feature] may not be used on the beta release channel
Nov 30 22:30:38.503 INFO [stderr]  --> src/instrument.rs:1:1
Nov 30 22:30:38.503 INFO [stderr]   |
Nov 30 22:30:38.503 INFO [stderr] 1 | #![feature(custom_attribute)]
Nov 30 22:30:38.503 INFO [stderr]   | ^^^^^^^^^^^^^^^^^^^^^^^^^^^^^
Nov 30 22:30:38.503 INFO [stderr] 
Nov 30 22:30:38.523 INFO [stderr] error: aborting due to previous error
Nov 30 22:30:38.523 INFO [stderr] 
Nov 30 22:30:38.523 INFO [stderr] For more information about this error, try `rustc --explain E0554`.
Nov 30 22:30:38.544 INFO [stderr] error: Could not compile `cratify`.
Nov 30 22:30:38.547 INFO [stderr] warning: build failed, waiting for other jobs to finish...
Nov 30 22:30:39.323 INFO [stderr] error[E0554]: #![feature] may not be used on the beta release channel
Nov 30 22:30:39.323 INFO [stderr]  --> src/main.rs:1:1
Nov 30 22:30:39.323 INFO [stderr]   |
Nov 30 22:30:39.323 INFO [stderr] 1 | #![feature(custom_attribute)]
Nov 30 22:30:39.323 INFO [stderr]   | ^^^^^^^^^^^^^^^^^^^^^^^^^^^^^
Nov 30 22:30:39.323 INFO [stderr] 
Nov 30 22:30:39.323 INFO [stderr] error[E0554]: #![feature] may not be used on the beta release channel
Nov 30 22:30:39.323 INFO [stderr]  --> src/main.rs:2:1
Nov 30 22:30:39.323 INFO [stderr]   |
Nov 30 22:30:39.323 INFO [stderr] 2 | #![feature(proc_macro_hygiene, decl_macro)]
Nov 30 22:30:39.323 INFO [stderr]   | ^^^^^^^^^^^^^^^^^^^^^^^^^^^^^^^^^^^^^^^^^^^
Nov 30 22:30:39.323 INFO [stderr] 
Nov 30 22:30:39.351 INFO [stderr] error: aborting due to 2 previous errors
Nov 30 22:30:39.351 INFO [stderr] 
Nov 30 22:30:39.351 INFO [stderr] For more information about this error, try `rustc --explain E0554`.
Nov 30 22:30:39.387 INFO [stderr] error: Could not compile `cratify`.
Nov 30 22:30:39.387 INFO [stderr] 
Nov 30 22:30:39.387 INFO [stderr] To learn more, run the command again with --verbose.
Nov 30 22:30:39.387 INFO [stderr] su: No module specific data is present
Nov 30 22:30:40.367 INFO running `"docker" "inspect" "e4016237c23cbd2f1179c5b5f373b93dfb7f4573049ffbc65d24c1a00eaef0d7"`
Nov 30 22:30:40.775 INFO running `"docker" "rm" "-f" "e4016237c23cbd2f1179c5b5f373b93dfb7f4573049ffbc65d24c1a00eaef0d7"`
Nov 30 22:30:41.151 INFO [stdout] e4016237c23cbd2f1179c5b5f373b93dfb7f4573049ffbc65d24c1a00eaef0d7
